 5
-20043
-86 (base 13) to base 4
-1232
Convert 126237 (base 8) to base 9.
66551
Convert 37304 (base 9) to base 15.
763d
4a3 (base 14) to base 2
1110011111
What is 113222 (base 5) in base 11?
3167
What is 166 (base 9) in base 3?
12020
What is 285 (base 12) in base 7?
1064
15907 (base 11) to base 8
53570
12012011 (base 3) to base 13
1951
-1312 (base 10) to base 14
-69a
What is -247 (base 9) in base 16?
-cd
Convert 2d14 (base 15) to base 5.
302234
-33323 (base 4) to base 15
-47e
-65700 (base 8) to base 14
-a0a4
-881 (base 10) to base 12
-615
What is -684 (base 11) in base 12?
-582
Convert 277 (base 9) to base 2.
11101000
What is 1110111000111 (base 2) in base 15?
23d3
43b (base 13) to base 7
2055
526 (base 15) to base 11
966
What is 34165 (base 7) in base 10?
8671
Convert -1043 (base 6) to base 11.
-201
Convert -1311001 (base 4) to base 16.
-1d41
5432 (base 7) to base 14
9c2
Convert -181 (base 15) to base 5.
-2341
-110102102 (base 3) to base 6
-105532
What is -6044 (base 7) in base 14?
-a94
-2858 (base 10) to base 16
-b2a
Convert -2100220 (base 3) to base 15.
-7a0
Convert -12131010 (base 4) to base 15.
-7c76
What is 3210 (base 4) in base 5?
1403
-45710 (base 8) to base 5
-1110100
Convert 100333 (base 4) to base 9.
1437
8192 (base 15) to base 9
41472
b330 (base 13) to base 8
60211
What is 35144 (base 7) in base 2?
10001100100111
Convert -410520 (base 6) to base 2.
-111111101010000
What is -10e0 (base 16) in base 15?
-1430
2a7 (base 13) to base 9
577
1110010010010 (base 2) to base 3
101000220
Convert -3132032 (base 4) to base 11.
-a75a
Convert -111113 (base 5) to base 12.
-2318
What is -11010101111011 (base 2) in base 16?
-357b
Convert -211201 (base 4) to base 15.
-aa1
What is -344 (base 9) in base 11?
-238
Convert -4591 (base 11) to base 6.
-43525
-153312 (base 6) to base 3
-202121022
Convert -2c96 (base 14) to base 12.
-4744
-220 (base 8) to base 3
-12100
-122 (base 5) to base 12
-31
What is 1462 (base 10) in base 9?
2004
What is -1000111100011 (base 2) in base 3?
-20021121
-20153 (base 7) to base 12
-29b5
-a18 (base 14) to base 2
-11110111110
Convert -1c07 (base 14) to base 6.
-35343
6c (base 14) to base 16
60
What is -c54 (base 13) in base 2?
-100000110001
What is -15452 (base 6) in base 11?
-1a10
What is -1121311 (base 4) in base 14?
-2149
270 (base 16) to base 11
518
Convert 1aa29 (base 11) to base 2.
111001000001000
-27133 (base 11) to base 13
-14843
Convert -179a (base 11) to base 10.
-2287
What is -3220 (base 7) in base 10?
-1141
What is 23441 (base 6) in base 16?
d51
What is 433053 (base 7) in base 2?
10010011011101010
-2644 (base 7) to base 16
-3f4
80 (base 9) to base 4
1020
1231 (base 5) to base 2
10111111
Convert 7a (base 16) to base 5.
442
Convert -105 (base 9) to base 8.
-126
283 (base 10) to base 7
553
Convert -1214 (base 7) to base 4.
-13010
Convert 1715 (base 15) to base 10.
4970
What is 100000001001 (base 2) in base 6?
13305
28da (base 16) to base 4
2203122
208 (base 13) to base 10
346
Convert -2020 (base 4) to base 13.
-a6
Convert 358c (base 13) to base 5.
220202
1444 (base 5) to base 11
207
Convert 5123 (base 16) to base 15.
624b
What is 1a64 (base 11) in base 13?
125b
What is -116022 (base 7) in base 5?
-1140112
What is -111110110111 (base 2) in base 4?
-332313
What is -9045 (base 11) in base 10?
-12028
86 (base 14) to base 3
11101
Convert -182 (base 11) to base 5.
-1321
Convert -3 (base 12) to base 5.
-3
Convert 30430 (base 6) to base 15.
1300
What is 11111 (base 3) in base 11?
100
-1301 (base 6) to base 12
-231
122200 (base 3) to base 5
3402
-6df (base 16) to base 7
-5062
-4682 (base 16) to base 15
-5535
10451 (base 14) to base 4
21211213
Convert -21033 (base 6) to base 13.
-1398
20121211 (base 3) to base 12
2964
What is 29645 (base 10) in base 13?
10655
What is 528 (base 9) in base 10?
431
d5f (base 16) to base 8
6537
-662b (base 14) to base 11
-12312
What is d64 (base 15) in base 12?
18b7
5b7 (base 15) to base 5
20142
35772 (base 8) to base 9
23050
-2222222 (base 3) to base 13
-cc2
Convert -32231323 (base 4) to base 10.
-60283
4046 (base 7) to base 13
842
1298 (base 10) to base 5
20143
What is 1010100 (base 3) in base 12?
583
Convert -18669 (base 13) to base 14.
-13302
730b (base 15) to base 11
172a1
-10010100110011 (base 2) to base 3
-111001201
What is -31300 (base 8) in base 11?
-9841
-42664 (base 7) to base 16
-2986
-42847 (base 10) to base 14
-11887
20232123 (base 4) to base 7
206124
What is 1111 (base 6) in base 3?
100121
What is -13273 (base 11) in base 15?
-593b
What is -1000100101 (base 2) in base 7?
-1413
Convert 33 (base 15) to base 2.
110000
What is 1002300 (base 4) in base 14?
17b2
Convert -15616 (base 7) to base 6.
-32251
What is 41b (base 15) in base 5?
12201
-5b (base 14) to base 6
-213
Convert 426 (base 10) to base 14.
226
-11031 (base 4) to base 7
-654
What is -14075 (base 8) in base 3?
-22111211
What is 27a (base 13) in base 3?
121021
Convert 8a34 (base 12) to base 8.
35710
What is 94c3 (base 14) in base 7?
134533
-144 (base 12) to base 13
-121
Convert -228 (base 12) to base 8.
-500
What is 307 (base 12) in base 3?
121021
What is 1bb (base 15) in base 7?
1112
What is -8a1 (base 12) in base 13?
-76c
Convert 12489 (base 10) to base 14.
47a1
Convert -272 (base 15) to base 10.
-557
Convert 1222200101 (base 3) to base 6.
501101
What is -1100 (base 3) in base 5?
-121
-102212 (base 7) to base 6
-213252
Convert -11010110 (base 2) to base 6.
-554
Convert 147a1 (base 12) to base 3.
1110110211
What is 1487 (base 9) in base 7?
3205
-1202121 (base 3) to base 14
-67b
Convert -52075 (base 10) to base 2.
-1100101101101011
What is -9466 (base 15) in base 12?
-161a3
Convert -815 (base 15) to base 9.
-2442
Convert fd44 (base 16) to base 8.
176504
What is -1100 (base 5) in base 13?
-b7
309a (base 11) to base 3
12121221
What is -10003301 (base 4) in base 7?
-66320
Convert -469 (base 11) to base 6.
-2331
Convert -10010201022 (base 3) to base 5.
-3434012
Convert 2021 (base 8) to base 15.
496
120232 (base 5) to base 15
14b2
Convert -10225 (base 9) to base 13.
-30bc
-20211 (base 3) to base 2
-10111000
2102 (base 4) to base 10
146
3d6a (base 14) to base 10
10874
Convert 11100000110000 (base 2) to base 13.
6716
14523 (base 7) to base 16
fc3
-100010010111 (base 2) to base 12
-1333
What is -4314 (base 7) in base 3?
-2002200
-235 (base 16) to base 15
-27a
What is 100326 (base 9) in base 13?
20cca
Convert -1317 (base 10) to base 2.
-10100100101
What is 70563 (base 8) in base 14?
a827
Convert 1232031 (base 4) to base 8.
15615
What is 131035 (base 6) in base 16?
2e7f
58 (base 12) to base 3
2112
Convert 307 (base 13) to base 9.
631
What is b88 (base 16) in base 2?
101110001000
-340303 (base 5) to base 7
-46564
-a6 (base 12) to base 8
-176
Convert -195 (base 16) to base 7.
-1116
-2001221 (base 3) to base 10
-1510
Convert 455 (base 15) to base 5.
12410
What is 22202221 (base 3) in base 6?
45341
Convert -156630 (base 8) to base 16.
-dd98
Convert 305 (base 9) to base 4.
3320
What is 37b9 (base 16) in base 14?
52ad
-4470 (base 11) to base 6
-43125
21011 (base 3) to base 6
521
1041 (base 14) to base 2
101011110001
206230 (base 7) to base 6
433411
Convert 22b37 (base 12) to base 3.
2100212021
-1101011110011 (base 2) to base 12
-3bab
-865 (base 9) to base 5
-10312
-61d9 (base 14) to base 3
-212010010
What is -5632 (base 8) in base 13?
-1476
Convert -bb (base 13) to base 9.
-181
Convert -20f7 (base 16) to base 11.
-6382
Convert 6a36 (base 12) to base 16.
2e4a
1a2 (base 16) to base 11
350
What is 2446 (base 7) in base 15?
411
-1020221 (base 3) to base 7
-2446
What is 1433 (base 11) in base 16?
73b
Convert 3243 (base 12) to base 15.
1983
Convert 9337 (base 12) to base 4.
3322123
What is -10541 (base 6) in base 9?
-2047
What is 4683 (base 13) in base 10?
9909
-21102010 (base 3) to base 6
-41003
What is 4942 (base 11) in base 7?
24555
Convert 3d5 (base 16) to base 8.
1725
What is 3256 (base 10) in base 8?
6270
Convert 294d (base 16) to base 8.
24515
Convert 91a (base 12) to base 6.
10034
-114 (base 14) to base 7
-424
What is 56361 (base 9) in base 13?
1409b
154 (base 8) to base 14
7a
614 (base 10) to base 15
2ae
-312424 (base 7) to base 8
-150732
82017 (base 9) to base 5
3211322
Convert -39433 (base 11) to base 10.
-56422
Convert -773 (base 11) 